) = -5 - 14*z + 15*z + 5*z**2 + 8 + 8*z**2. Let l(s) = 11*s**2 + s + 2. Let d(u) = -6*l(u) + 5*v(u). Calculate d(-3).
-3
Let b(c) = c**2 + 7*c - 2. Let l be (265 + 5 + 0)/(0 - -2). Let w = 130 - l. Determine b(w).
-12
Let z(c) = c**2 - 4. Let b(a) = -5*a**2 + 7*a + 31. Let d(u) = b(u) + 6*z(u). Suppose 0 = -4*s + 3*n - 10 - 7, n = 2*s + 9. Determine d(s).
-3
Let h be 0/((-8 - -11)/(-3)). Suppose h = -9*q + 179 - 98. Let p(b) = -b**3 + 9*b**2 + 2*b - 2. Calculate p(q).
16
Let p(j) = -j**2 - 242*j - 245. Let c be p(-1). Let f(m) = -m**3 - 5*m**2 + m + 21. Give f(c).
1
Let y(o) be the first derivative of -o**2/2 - 4*o - 86. Suppose -2*p - 4 = 3*f - 0, 5*p - 5*f = 40. Calculate y(p).
-8
Suppose -3*u + 5*u = -2*t + 8, 0 = -4*t. Let v(k) = -12 + 1 + u*k + k**2 + 3*k. Let g be ((-48)/(-9))/((-18)/27). What is v(g)?
-3
Suppose 0 = 4*u + i + 2*i - 25, 2*u = 2*i + 2. Let f(t) be the first derivative of t**2 - 6*t - 954. Determine f(u).
2
Suppose 0 = -3*c + 5*m + 9 + 2, 4*c - 4*m - 12 = 0. Let a(p) = 11*p + 7 + c*p**2 + 5*p - 3 - 24*p. Determine a(2).
-4
Let n = 847 + -845. Let s(r) = -3*r**2 + 10*r - 9. Calculate s(n).
-1
Let p(d) = d + 8. Let x be p(7). Let v(c) = -123*c**2 + 108*c**2 + 3307*c**3 - 3306*c**3 + 11 - c + 0*c. What is v(x)?
-4
Let k(g) be the first derivative of 4/3*g**3 - 17 - 3/2*g**2 + 7*g + 1/4*g**4. Let q(c) = c + 2. Let v be q(-7). Give k(v).
-3
Let x(q) = 69 + 42 + q**2 - 39*q + 58. Let o be x(34). Let i(n) = -8*n - 4. Determine i(o).
4
Let d(z) = -z**3 + 7*z**2 + 2*z - 9. Let p(m) = -2*m**3 + 23*m**2 - 10. Let t be p(12). Let w be (2/(-4))/(11/t). Let v be ((2 - w/4) + -2)*-4. Determine d(v).
5
Let y be 12/(-15) - (-4096)/20. Let x(s) = -207 + y - 3*s + s**2 - 2*s. Determine x(7).
11
Let h = 0 - 2. Let v(b) = 235*b - 2 + 0 - 1048*b + 241*b + 574*b + 4*b**2. Determine v(h).
10
Let l = 8446 + -8439. Let j(b) = 8*b - 1. Let q be j(1). Let c(d) = d + 4 + 0 - q. Calculate c(l).
4
Suppose 2 = -5*a + 27, 3*a = 4*d - 737. Let y(n) = -n**2 + 86*n - 13 - d*n + 90*n. Let l be (0 - -2) + 2*-6. Calculate y(l).
7
Let n(o) = o - 2. Suppose 3*y - 30 = 3*k, 4*y - 4*k = -k + 41. Let z be ((-320)/(-55) - 3) + 2/y. Calculate n(z).
1
Let s(h) = -h**3 + 126*h**2 - 2743*h - 94. Let r be s(98). Let c(z) be the third derivative of 1/4*z**4 - r*z**2 + 0*z**3 + 0 + z. Give c(-1).
-6
Let x(k) = 17*k - 1. Let h be x(-1). Let d(v) = -1514*v + 68. Let i(c) = 688*c - 34. Let m(j) = -5*d(j) - 11*i(j). Calculate m(h).
-2
Let q(s) = -s**2 - 8*s - 8. Let p be (3/(-2))/((-87)/(-58)). Let i be (0 - p/2)/((-7)/84). Determine q(i).
4
Let q(o) = o**2 - 7*o + o**3 + 29*o + 2 + 2*o**2 - 20*o + 0*o**3. What is q(-2)?
2
Let m(q) = -q**2 - 3 - 4*q + 9*q + 2*q + 0*q**2. Let i = -46 - -16. Let f = i + 37. Determine m(f).
-3
Let m(d) = -d - 7. Let a be m(-3). Let p(y) be the second derivative of 0 + 2*y**2 - 6*y - 1/12*y**4 - 1/3*y**3. Give p(a).
-4
Let c be 4/((-16)/(-12))*-7. Let i = c + 35. Let a = -8 + i. Let g(n) = -n**3 + 5*n**2 + 6*n - 9. What is g(a)?
-9
Let x(o) = 75 + 24 + 210*o + 428*o. Let d(p) = -13*p - 2. Let n(a) = -99*d(a) - 2*x(a). Calculate n(-2).
-22
Let g(m) = -6*m + 2. Let o be (-8)/(-20) - ((-24)/(-10) + 3). Let j(d) = -d - 1. Let a(c) = o*j(c) + g(c). Calculate a(6).
1
Let l(i) = 2*i - 4. Let s(z) = z**2 - 3. Let j = -16 + 12. Let t = j - -7. Let v be s(t). Calculate l(v).
8
Let h(v) = -v**2 - 132*v + 10. Let l be h(-132). Let c(r) = 2*r**2 - 19*r - 8. Calculate c(l).
2
Let o(w) = w**2 + 27*w - 60. Suppose -4*p + p - 116 = p. What is o(p)?
-2
Let g = 46 - 27. Let n = g - -20. Let a(k) = -n + 16 - k + 18. Calculate a(-4).
-1
Let p(j) = -j**3 - 9*j**2 + 9*j - 7. Let f = 102 + -112. Let o be p(f). Let b(v) = -2*v**2 - 58 + 3*v**3 - 2*v**o + 57 + v**3. Give b(2).
7
Let r(m) be the first derivative of m**2/2 + 3*m - 1957. Give r(-18).
-15
Let t(o) = -54*o**2 - 51*o**2 + 8*o + 1 - 2*o - 7*o + 106*o**2 + o**3. Calculate t(4).
77
Let w = -595 + 597. Let y(v) = v**3 - 2*v**2 + 2*v + 1. Calculate y(w).
5
Let s(u) = -608 - 611 - 607 + 1825 + 94*u. Give s(1).
93
Let k(t) = t**2 - 17*t - 9. Let l(o) = 3*o**2 - 279*o + 1076. Let x be l(4). Determine k(x).
-81
Let q(v) = v + 9*v - 1134 + 1131. Let u be (10/6)/((-989)/138 - -8). Calculate q(u).
17
Let p(s) be the third derivative of s**4/24 + s**3 - 7*s**2. Let j = -3780 + 3775. What is p(j)?
1
Let x(w) = w**3 + 6*w**2 - 8*w - 8. Let i(j) = -6*j + 36. Let y be i(5). Suppose 4*t + 32 = y*p - 2*p, -5*t - p = 34. Calculate x(t).
-1
Let t(m) be the second derivative of 3/2*m**2 - 7*m - 9 + 5/6*m**3. Give t(-4).
-17
Let c(u) = -10*u**2 - 4*u + 19. Let i(n) = 17*n**2 + 8*n - 36. Let x(a) = 5*c(a) + 3*i(a). Calculate x(8).
83
Let w(i) = -i**3 - 5*i + 8*i**2 + 411 - 2*i - 409. Let z = 27 - 20. Give w(z).
2
Let f(l) = 6*l - 10. Let b(v) = -6*v + 6. Let m(a) = 8*b(a) + 5*f(a). What is m(-2)?
34
Suppose 3*o + 2*m - 29 = -141, -m = -3*o - 124. Let g = 34 + o. Let u(r) = -r - 9. Let j(f) = -f - 8. Let s(t) = 3*j(t) - 2*u(t). What is s(g)?
0
Let q(x) = -5*x**2 + 3*x - 1. Let a be ((-18)/(-8))/((-3)/48*-6). Let c = 7 + a. Let r = 15 - c. Give q(r).
-15
Let o(y) = -19*y**2 - 10*y - 6. Let w(m) = 22*m**2 + 11*m + 5. Let d(s) = 7*o(s) + 6*w(s). Determine d(-5).
-17
Let o = -58 - -62. Let b(z) = -o + 12*z**2 + 0 - z**3 + 3 - 15*z**2 + z. What is b(-3)?
-4
Let b(t) = t**2 - t + 5. Suppose -3*y = l - 4, 4*l + 4*y = 3*l + 4. Suppose -l*i + 12 = -c, 5*i - 8 = c + 7. Suppose c = -4*a - 3*a + 35. Calculate b(a).
25
Let d(y) = y + 14. Let r be 4 - 0 - (3 + -2 + 360). Let g be (-1)/(4 - r/(-90)). Let n be (14 - 2)*15/g. Give d(n).
8
Let z(b) = b - 12*b + 3*b**3 - 1 - 2*b**3 + 15*b - 5*b**2. Suppose -d + 16 = 5*g, 0 = -5*g - 5*d - 0*d. Calculate z(g).
-1
Let q be -443 - -4 - (-1 + -3). Let b be q/35 + 3/7. Let x = b - -10. Let r(o) = o + 1. Calculate r(x).
-1
Let q(k) = -2*k**3 - 37*k**2 + 2*k + 352. Let i be q(-18). Let p(j) be the second derivative of -j**5/20 - 3*j**4/4 - 7*j**3/6 + 5*j**2/2 + 2*j. What is p(i)?
-3
Let b(f) = 22 - 7 - 7 - 13*f + 71*f**2 + 0*f - 72*f**2. Calculate b(-15).
-22
Let j(l) = 4*l**2 - 10*l - 4*l**2 - 6 - 4*l**2 + 19*l. Let p(v) = 5*v**2 - 10*v + 5. Let d(c) = 4*j(c) + 3*p(c). Let r be 37/5 - 20/50. Determine d(r).
-16
Let r(f) = -5*f**3 - 14*f**2 - 3*f - 28. Let d(x) = 14*x**3 + 44*x**2 + 8*x + 77. Let v(b) = 3*d(b) + 8*r(b). What is v(-10)?
7
Let c(m) be the second derivative of 1/2*m**2 + 1/4*m**4 - m - 22 + 0*m**3. What is c(1)?
4
Let v be (-40)/6 - (-2)/(-6). Let c be (v + -1)*(-3)/(-6). Let q(s) = 119014*s**2 - 59511*s**2 - 4*s + 255*s**3 + 4 - 59508*s**2 - 256*s**3. Calculate q(c).
4
Suppose 4*t + 4*z - 8 = 0, -3*z - 36 = t - 28. Let r(k) be the first derivative of -k**4/4 + 8*k**3/3 - 4*k**2 + 4*k - 6. Calculate r(t).
-3
Let r(m) = 31149 - 31149 + 50*m**3 - 24*m + 23*m. Give r(1).
49
Let m(j) = -4*j**2 + 16*j - 3. Let l(k) = -k**2 + 4*k - 1. Let v = -300 - -302. Let g(u) = v*m(u) - 9*l(u). Calculate g(4).
3
Let y(z) = 2*z**3 - 18*z**2 - 44*z + 3. Suppose -387*a + 389*a = 12, -3*l + 9 = -4*a. Determine y(l).
3
Let m(b) = 43*b**2 - 74*b. Let f be m(2). Let w be 32/(-3)*3*-1. Let q be (w/f)/(2/6). Let x(h) = -h**3 + 5*h**2 - 4*h + 5. Calculate x(q).
5
Let i be (10/(-4))/(2/4). Let a(f) = 4*f - 53. Let m be a(16). Let v(u) = 4 + m + 5*u - 21 + u**2. Give v(i).
-6
Let p = -3277 + 3263. Let z(h) = 3*h**3 + 42*h**2 - 20. Give z(p).
-20
Let r(s) = -7 + 11 - 10*s - 39 + 8*s + 3*s. Give r(25).
-10
Let j be (-44 + 40)*22/(-8). Let o(w) = 6*w + 8 - 24 + 9 + j. Determine o(3).
22
Let k(a) = -2*a**2 - 17*a + 9. Let u be k(-8). Let x = -14 + u. Suppose -5*j = -20, 0 = -x*p + j - 7 - 6. Let y(w) = -w**3 - 4*w**2 - 5*w - 3. Give y(p).
3
Let y(z) = -7*z + 5. Suppose -2*p = b - 0 + 11, 0 = 4*p - b + 19. Let m(a) = -3*a + 3. Let u(d) = p*m(d) + 2*y(d). What is u(4)?
-1
Let w(u) = u - 2. Let s(b) = -4*b + 7. Let d(y) = y**2 + y**3 + 2*y + 4*y + 2 - 8*y. Let x be d(1). Let q(a) = x*s(a) + 9*w(a). Determine q(5).
1
Let f(o) = o**2 + 6*o - 3. Let h(q) = -9 - 20 + 3386*q - 3385*q. Let r be h(14). Let l be (2 + r/5)*6. Calculate f(l).
-3
Suppose 0 = -18*t - 1 - 17. Let s(z) be the first derivative of 7*z**4/4 - 2*z**3/3 - z**2/2 - 28. What is s(t)?
-8
Let v(l) be the first derivative of 3*l**2/2 - 7*l + 746. Calculate v(9).
20
Let k(